*k**2 + 3*k + 1. Let s be 0/(-2) - (0 - (1 - 3)). What is x(s)?
3
Suppose -3*v = -4*v - 3, -3*v - 12 = -q. Let o be (-3)/(-2 - (-3)/6). Let w(y) = y**2 - 3*y + 2*y + 0*y - o. What is w(q)?
4
Let o = 3 - -2. Let g(s) = s**2 - 8*s - 5. Let c be g(9). Let q(z) = -c*z - 3 + 5*z - 1. Calculate q(o).
1
Let j(g) = 3*g + 10. Let u(n) = 22 - 1 - 2*n - 2*n + 11*n. Let q(m) = 5*j(m) - 2*u(m). What is q(-6)?
2
Let y = -94 - -100. Let f(z) = z**2 - 4*z + 2. Give f(y).
14
Let n(m) = -4*m - 1. Suppose -z - 15 = 2. Let y = -18 - z. Determine n(y).
3
Let u be (-2 - -3)/(-1 - -2). Let x = -4 + u. Let k(a) = -a - 3. Give k(x).
0
Let x(n) be the first derivative of -n**4/4 - n**3 + n**2 + n + 7. Give x(-3).
-5
Let g be (-1)/(-3) - (-11)/3. Suppose 0 = -2*f - 2, -2*f + 0*f = 2*s - 2. Let x(v) = -2*v**2 + v**s + g - 5 - 6*v. Give x(-4).
7
Let c(j) be the first derivative of -j**3/3 - 9*j + 28. Determine c(0).
-9
Suppose 2*d + 2 = -3*p - 2, 0 = -5*d - p + 16. Let z(j) = 3*j - 4. Calculate z(d).
8
Let p(m) = m**3 + 2*m**2 - 5*m - 4. Let l(n) = -n**2 + 11*n + 57. Let f be l(15). Give p(f).
2
Let g(y) = -y**2 - 2*y + 4. Let l = -4 - -8. Let q be 3*(-4)/24*-22. Suppose 7*j + 4*o = 2*j - q, -l*o = -4. Determine g(j).
1
Suppose -p - p - 43 = 5*n, -3*p + 39 = -4*n. Let u(y) = -y**3 - 10*y**2 - 11*y - 13. Give u(n).
5
Let q(l) = -l. Let d(h) = h - 1. Let t(v) = -3*v + 5. Let w(g) = 20*d(g) + 4*t(g). Let a(p) = -2*q(p) - w(p). Give a(1).
-6
Let l(r) = r**2 - 4. Let v be l(3). Suppose 5*o - 20 = -v. Let y(z) = -2*z + 2. What is y(o)?
-4
Suppose -k - 7 = -g, -2*g = -5*g + 4*k + 25. Let a(n) = -3 + 0 - n + g - n**2. Suppose 0*x = 3*x + 3. Calculate a(x).
0
Suppose 6 = 2*b - 2. Let c(k) = k**2 - 4*k. Give c(b).
0
Let g(t) = -t**3 - 11*t**2 - 11*t - 6. Let u = -128 - -118. What is g(u)?
4
Let a be (-1)/10 - (-1)/10. Let y(k) = -k - 18. Give y(a).
-18
Let n(q) be the first derivative of -2*q**3/3 + 7*q**2/2 + 7*q - 5. Calculate n(6).
-23
Let n(k) = k**2 + 2*k + 4. Let u be n(-3). Suppose -2*d - 5*s - 3 = 0, -5*d + 6*s = 4*s - u. Let c(x) = -x + 0*x + 0*x - d. What is c(-5)?
4
Suppose -4*p - 7 = 4*r + 5, -3*p - 5*r - 5 = 0. Let u(k) = 10*k - 24*k + 15*k + 12. What is u(p)?
7
Let y(n) = n**2 - 8. Let f be (-2)/9 + 4/18. What is y(f)?
-8
Suppose -5*u - 12 = -4*x, 2*u - 6*x + 12 = -2*x. Let m(n) = -n**3 - n - 2. Give m(u).
-2
Let a(n) = n**3 + 4*n**2 + 3*n + 1. Suppose 3*m - m - 4 = 0. Suppose 6 = -4*v - 2*p, m*v = 2*p + 2 - 14. What is a(v)?
1
Let f(u) = u**2 - 2*u - 5. Let j be f(4). Let q(l) = j*l**2 - 4*l**2 + 3 + l - l**3 + 4*l**2. Let d be (-13)/(-52) - (-11)/4. Determine q(d).
6
Suppose -16 - 30 = -5*g - 4*p, 20 = 5*p. Suppose 0*o = 3*o - g. Let d(b) = -5*b + 3. Determine d(o).
-7
Let g(s) = s**2 + 2*s + 3. Let i be g(-3). Suppose 9 = 3*q - 2*m, -5*m + 9 = i*q - 3*q. Let o(r) = 3*r + 0 - q - 7*r + 0*r. Give o(-3).
9
Let p(b) be the second derivative of 0 - b - 1/2*b**2 + 5/12*b**4 - 1/3*b**3. What is p(-1)?
6
Let y(x) = -x**3 + 5*x**2 + 7*x - 4. Let p be y(6). Let h(v) = 2*v**2 + 0*v + v + p*v**2. Give h(1).
5
Let s(f) = f**2 - 2*f - 3. Let c be s(3). Let o(k) = c*k**2 - 2*k**2 - k**2 + 4*k**2 + 2*k - 1. Give o(-4).
7
Let g(u) be the second derivative of u**4/12 - 5*u**3/6 + u**2 - u + 2. What is g(2)?
-4
Let j(m) = -m - 3 + 3. Let d = -16 - -19. Suppose -2*s + 5*s - 9 = -a, -a + 3*s + d = 0. Determine j(a).
-6
Suppose 5*n = 30 - 0. Suppose -n*g = -g. Suppose 3*a - 5*a - 3*k + 2 = g, 1 = a + k. Let p(q) = 5*q - 1. Calculate p(a).
4
Suppose 20 = h + 3*h. Suppose 0 = 5*n - 0 - 5. Let r(v) = -v - v + n - h. Give r(-3).
2
Let z(k) = 10*k**3 - k**2 - 14*k - 8. Suppose -m = 3*m + 28. Let o(a) = 3*a**3 - 5*a - 3. Let g(j) = m*o(j) + 2*z(j). What is g(-4)?
9
Let r(a) = a**3 + 4*a**2 - 3*a - 3. Let i(f) = f**2 + 6*f + 1. Let l be i(-5). Calculate r(l).
9
Let d(a) = -a**3 + 3*a**2 + a + 1. Suppose -p - 19 = 5*g - 0*p, 13 = -3*g - p. Let x(n) = -n**2 - 5*n - 3. Let w be x(g). Calculate d(w).
4
Let j(g) = -g**2 + 5*g + 9. Let i be j(9). Let d be 8/6*i/18. Let c(y) = -y**3 - 2*y**2 - 3*y - 3. Determine c(d).
3
Let n(s) = s**3 + 12*s**2 - 2 - 1 - 9*s**2 + 4*s - 6*s**2. Determine n(2).
1
Let v(m) = 4*m + 1. Suppose -1 - 19 = 4*z + 2*c, -z + c = 5. Determine v(z).
-19
Let x(r) = r**2 - 6*r - 4. Let h = 5 + -2. Suppose 0*j = 4*j - 2*t - 20, 3*j = 2*t + 15. Suppose h*q = -4*w + j, -2 = 2*w + q - 7. Determine x(w).
-9
Let p(d) = 25*d**2 - 1. Let k be p(1). Suppose 28*w = k*w - 24. Let a(b) = b**3 + 7*b**2 + 4*b - 3. Give a(w).
9
Let t(n) = -2*n + 3*n**3 - 6*n**2 - 3*n**3 - 7 - n**3 + 9. Give t(-2).
-10
Let g be (-3)/9 + (-52)/(-3). Let d = g + -12. Let j(t) = 5*t**2 + 7*t - 3*t**2 + 1 + d*t**2 - t + t**3. Give j(-6).
1
Let h(l) be the second derivative of 5/12*l**4 - 2*l**2 - l + 0 + 1/20*l**5 + 0*l**3. Let a(r) = r - 7. Let t be a(3). Determine h(t).
12
Let r(i) = -7*i**2 - 5*i - 9. Let d(y) = -8*y**2 - 5*y - 10. Let k(q) = 6*d(q) - 7*r(q). Calculate k(-5).
3
Let x(k) be the third derivative of 0*k + 1/3*k**3 + 4*k**2 + 0 + 1/12*k**4. What is x(-3)?
-4
Suppose -7*z + 5*z = 10. Let n = z - -4. Let w(p) = -4*p**2 - 3*p - 4. Let g(q) = 4*q**2 + 2*q + 3. Let a(r) = -4*g(r) - 3*w(r). What is a(n)?
-5
Suppose -m = m. Let n(a) = -15*a - 27. Suppose -2*q + 4 = 16. Let r(k) = 7*k + 13. Let z(w) = q*n(w) - 13*r(w). Determine z(m).
-7
Let r(f) be the second derivative of -5*f**3/6 + f. Let j(w) = -w**2 + 7*w - 7. Let s be j(5). Suppose -2 = -k - s. Give r(k).
5
Let b(s) = s**3 - 6*s**2 + 4*s + 4. Let l be (-28)/(-6) - (-2)/6. Calculate b(l).
-1
Let x(m) be the second derivative of -1/3*m**3 + 0 - 3*m - m**2. Let s(c) = -c**2 - 6*c - 3. Let v be s(-5). What is x(v)?
-6
Let p(q) be the third derivative of -q**5/20 + q**4/24 + q**3/6 - 3*q**2. Give p(-2).
-13
Let z(q) = q**3 - q**2 - 5*q + 3. Suppose -5*t - 28 = -3*t. Let f be t/(-63) - 68/(-18). Let l be (33/12 - 2)*f. What is z(l)?
6
Let b be 16 + 0 + -2 + -3. Suppose 2*x - 29 - b = 0. Suppose -r - 5*a = 2*r + 11, x = -5*a. Let g(t) = t**2 - 7*t + 3. Calculate g(r).
-9
Let x(w) = -2*w**3 - 4*w**2 - 2*w. Let m be 5/10*(-14 + 0). Let d(k) = k + 5. Let b be d(m). Determine x(b).
4
Let f = 2 - 2. Let b(s) = -s - s + f*s. What is b(4)?
-8
Let i(v) be the second derivative of v**3/3 + 3*v**2 + 2*v - 21. Determine i(6).
18
Let c(t) = t - 12. Let a be (-10)/20*-1*14. Determine c(a).
-5
Let w(y) = 2*y**2 + y. Let j = -14 + 24. Suppose j - 4 = 5*p + 4*a, 5*p - 10 = -5*a. Give w(p).
6
Let s(w) = -w**3 + 2*w**2 + 2*w + 4. Let c = 16 - 13. Calculate s(c).
1
Let t(h) be the second derivative of h**3/6 + 4*h**2 + 9*h. Calculate t(-6).
2
Let y(h) = 4*h - 3. Let r(q) = 7*q - 7. Let x(w) = 3*r(w) - 5*y(w). Calculate x(3).
-3
Let t(c) be the first derivative of -c**4/4 + 8*c**3/3 - 4*c**2 - 7*c - 4. Calculate t(7).
-14
Let r = 7 + 18. Suppose 2*u = -5*t - 3*u - r, 3*u = -t - 15. Let c(f) = f**2 + f - 4. Calculate c(t).
-4
Suppose 2*q = 5*q - 6. Let l(f) = -2*f + q - 1 + 4*f. Let h be l(-2). Let z(u) = 4*u + 3. Determine z(h).
-9
Suppose 2*p + 4*f = -0*p + 16, -p - 4 = -4*f. Let i(o) be the second derivative of -o + 0 + 5/2*o**2 - 1/12*o**p + 0*o**3. Calculate i(0).
5
Let b(c) = 7*c**3 + c**2 - 10*c - 3. Let p(q) = -4*q**3 + 5*q + 2. Let n(x) = 3*b(x) + 5*p(x). Calculate n(-4).
5
Let l = -4 + 5. Let n(s) = s**2 + 2*s - 1. Let b be n(l). Let z(u) = 6*u + 4 - u + u**b + 1 + 2*u. Give z(-6).
-1
Let b be (-10)/(-4)*12/10. Suppose -2 = b*n - 4*s, -5*s + s = -n + 2. Let r(c) = 2*c**3 + 4*c**2 + c - 2. Give r(n).
-4
Let p(q) = -8*q + 1. Let l = -4 + 6. Let y be (1/l)/(3/(-6)). Calculate p(y).
9
Let j be (-44 - 1)*(-3)/9. Suppose j = 5*c - 5. Let y(n) = -4*n + 3. Let a(r) = -r + 1. Let q(k) = 5*a(k) - y(k). Calculate q(c).
-2
Let h(x) = x**2 - 9*x + 4. Let k be h(8). Let y(i) = -2*i + 3*i**2 - 5*i**2 + 5 + i**2. Calculate y(k).
-3
Let x(h) be the third derivative of -h**5/40 - h**4/6 + h**3 - 6*h**2. Let y(n) be the first derivative of x(n). Give y(-3).
5
Let x(m) = -4*m - 1. Let s(q) = -q + 4. Let y be s(4). Suppose 0 = 3*i - y*i - 6. Let t = i + -4. Determine x(t).
7
Suppose -5*u + r + 2*r + 10 = 0, -u - 3*r = -2. Let y be 1/(-2 - 15/(-6)). Let k(m) = -2*m**3 + 0*m**3 - 2*m**2 + 4*m**y + m. Calculate k(u).
-6
Let k(b) = b**2 + 0*b + 19 - 20 - b. What is k(3)?
5
Let z(g) = -6*g*